{"id":101,"date":"2018-05-24T18:46:30","date_gmt":"2018-05-24T18:46:30","guid":{"rendered":"http:\/\/nassauer-kanu-club.de\/?page_id=101"},"modified":"2022-06-27T17:24:26","modified_gmt":"2022-06-27T17:24:26","slug":"kontakt-impressum","status":"publish","type":"page","link":"https:\/\/nassauer-kanu-club.de\/?page_id=101","title":{"rendered":"Kontakt &#038; Impressum"},"content":{"rendered":"<p><b>Nehmen Sie Kontakt mit uns auf<\/b><\/p>\n<p>Wir freuen uns auf eine Nachricht.<\/p>\n<p><b>Impressum:<\/b><\/p>\n<p style=\"text-align: left;\">NASSAUER KANU-CLUB 1950 e.V.<\/p>\n<p style=\"text-align: left;\">Postfach 1241<\/p>\n<p style=\"text-align: left;\">56372 Nassau<\/p>\n<p>E-Mail:\u00a0\u00a0\u00a0\u00a0\u00a0\u00a0\u00a0\u00a0\u00a0\u00a0\u00a0\u00a0\u00a0\u00a0\u00a0\u00a0\u00a0\u00a0\u00a0\u00a0\u00a0\u00a0\u00a0\u00a0\u00a0\u00a0\u00a0\u00a0\u00a0\u00a0\u00a0\u00a0\u00a0\u00a0\u00a0\u00a0<span style=\"color: #ff0000;\"> <a style=\"color: #ff0000;\" href=\"mailto:info@nassauer-kanu-club.de\" data-fcksavedurl=\"mailto:info@nassauer-kanu-club.de\">info@nassauer-kanu-club.de<\/a><\/span><\/p>\n<p>1.Vorsitzender:\u00a0\u00a0\u00a0\u00a0\u00a0\u00a0\u00a0\u00a0\u00a0\u00a0\u00a0\u00a0\u00a0\u00a0\u00a0\u00a0\u00a0 \u00a0\u00a0\u00a0 Karl-Heinz Wiemann<br \/>\nTel.\u00a0\u00a0\u00a0\u00a0\u00a0\u00a0\u00a0\u00a0\u00a0\u00a0\u00a0\u00a0\u00a0\u00a0\u00a0\u00a0\u00a0\u00a0\u00a0\u00a0\u00a0\u00a0\u00a0\u00a0\u00a0\u00a0\u00a0\u00a0\u00a0\u00a0\u00a0\u00a0\u00a0\u00a0\u00a0\u00a0\u00a0\u00a0\u00a0\u00a0\u00a0\u00a0 02604 \/ 950777<\/p>\n<p>Inhaltlich verantwortlich:\u00a0\u00a0 Karl-Heinz Wiemann \/ Christoph R\u00f6sel<\/p>\n<p><span style=\"font-family: Arial,Helvetica,Geneva,Sans-serif,sans-serif;\">Alle Rechte &#8211; auch der auszugweisen Wiedergabe &#8211; vorbehalten. Die Autoren haben die Homepage mit Sorgfalt erstellt. F\u00fcr etwaige sachliche und grammatikalische Fehler kann jedoch keine Haftung \u00fcbernommen werden.Allerdings \u00fcbernehmen wir keine Gew\u00e4hr f\u00fcr die Vollst\u00e4ndigkeit oder Aktualit\u00e4t. Es sind stets die aktuellen gesetzlichen Bestimmungen zu beachten. F\u00fcr externe Inhalte, auf die wir verweisen, sind wir nicht verantwortlich.<\/span><\/p>\n<p>Mit dem Urteil vom 12. Mai 1998 hat das Landgericht Hamburg entschieden, dass man durch die Anbringung eines Links die Inhalte der gelinkten Seiten ggf. mitzuverantworten hat. Dies kann nur dadurch verhindert werden, dass man sich ausdr\u00fccklich von diesem Inhalt distanziert. F\u00fcr alle Links auf dieser Homepage gilt: Ich distanziere mich hiermit ausdr\u00fccklich von allen Inhalten aller verlinkten Seitenadressen auf meiner Homepage und mache mir diese Inhalte nicht zu eigen.<\/p>\n<p><strong>Datenschutz<\/strong><\/p>\n<p>Ab dem 25. Mai 2018 gilt die Datenschutz-Grundverordnung der Europ\u00e4ischen Union (DSGVO). Dies betrifft unter anderem alle eingetragenen Vereine, also auch den Nassauer Kanu-Club 1950 e.V. Grunds\u00e4tzlich steht das Pers\u00f6nlichkeitsrecht des Einzelnen im Widerspruch\u00a0 zur Ver\u00f6ffentlichung von Daten und Bildern unserer Mitglieder. Wir als Kanuverein respektieren in aller Form die Pers\u00f6nlichkeitsrechte des Einzelnen, sind aber nat\u00fcrlich auch an einer positiven Au\u00dfendarstellung \u00fcber unsere Homepage, Facebook oder sonstiges interessiert und ver\u00f6ffentlichen Daten unserer Vorstandsmitglieder, Trainer und Betreuer, damit man mit uns Kontakt aufnehmen kann. Wir wollen auch die sportlichen Erfolge mit Namensnennung und Bildver\u00f6ffentlichung im Internet, Facebook, Printmedien etc. kommunizieren, da dies f\u00fcr die Sportbegeisterten, nicht nur in Nassau, wichtig und bedeutend ist.<\/p>\n<p>Wir gehen davon aus, dass eine Zustimmung zur Ver\u00f6ffentlichung der pers\u00f6nlichen Daten, auch Bildern, vorliegt, wenn nicht ausdr\u00fccklich widersprochen wird.<\/p>\n<p>Hinsichtlich der Ver\u00f6ffentlichung von Foto- und Videoaufnahmen, die bei Sportveranstaltungen aufgenommen werden, hat der BGH mit Urteil vom 28.05.2013 (VI ZR 125\/12) entschieden, dass diese Ver\u00f6ffentlichung zul\u00e4ssig ist, denn Foto- und Videoaufnahmen sind bei sportlichen Wettk\u00e4mpfen heute weitgehend \u00fcblich, so dass Teilnehmer dann hiermit rechnen m\u00fcssen und von einer stillschweigenden Einwilligung ausgegangen werden kann.<\/p>\n","protected":false},"excerpt":{"rendered":"<p>Nehmen Sie Kontakt mit uns auf Wir freuen uns auf eine Nachricht. Impressum: NASSAUER KANU-CLUB 1950 e.V. Postfach 1241 56372 Nassau E-Mail:\u00a0\u00a0\u00a0\u00a0\u00a0\u00a0\u00a0\u00a0\u00a0\u00a0\u00a0\u00a0\u00a0\u00a0\u00a0\u00a0\u00a0\u00a0\u00a0\u00a0\u00a0\u00a0\u00a0\u00a0\u00a0\u00a0\u00a0\u00a0\u00a0\u00a0\u00a0\u00a0\u00a0\u00a0\u00a0\u00a0 info@nassauer-kanu-club.de 1.Vorsitzender:\u00a0\u00a0\u00a0\u00a0\u00a0\u00a0\u00a0\u00a0\u00a0\u00a0\u00a0\u00a0\u00a0\u00a0\u00a0\u00a0\u00a0 \u00a0\u00a0\u00a0 Karl-Heinz Wiemann Tel.\u00a0\u00a0\u00a0\u00a0\u00a0\u00a0\u00a0\u00a0\u00a0\u00a0\u00a0\u00a0\u00a0\u00a0\u00a0\u00a0\u00a0\u00a0\u00a0\u00a0\u00a0\u00a0\u00a0\u00a0\u00a0\u00a0\u00a0\u00a0\u00a0\u00a0\u00a0\u00a0\u00a0\u00a0\u00a0\u00a0\u00a0\u00a0\u00a0\u00a0\u00a0\u00a0 02604 \/ 950777 Inhaltlich verantwortlich:\u00a0\u00a0 Karl-Heinz Wiemann \/ Christoph R\u00f6sel Alle Rechte &#8211; auch der auszugweisen Wiedergabe &#8211; vorbehalten. Die Autoren haben die Homepage mit Sorgfalt erstellt. [&hellip;]<\/p>\n","protected":false},"author":1,"featured_media":0,"parent":0,"menu_order":0,"comment_status":"closed","ping_status":"closed","template":"","meta":{"footnotes":""},"class_list":["post-101","page","type-page","status-publish","hentry"],"_links":{"self":[{"href":"https:\/\/nassauer-kanu-club.de\/index.php?rest_route=\/wp\/v2\/pages\/101","targetHints":{"allow":["GET"]}}],"collection":[{"href":"https:\/\/nassauer-kanu-club.de\/index.php?rest_route=\/wp\/v2\/pages"}],"about":[{"href":"https:\/\/nassauer-kanu-club.de\/index.php?rest_route=\/wp\/v2\/types\/page"}],"author":[{"embeddable":true,"href":"https:\/\/nassauer-kanu-club.de\/index.php?rest_route=\/wp\/v2\/users\/1"}],"replies":[{"embeddable":true,"href":"https:\/\/nassauer-kanu-club.de\/index.php?rest_route=%2Fwp%2Fv2%2Fcomments&post=101"}],"version-history":[{"count":6,"href":"https:\/\/nassauer-kanu-club.de\/index.php?rest_route=\/wp\/v2\/pages\/101\/revisions"}],"predecessor-version":[{"id":433,"href":"https:\/\/nassauer-kanu-club.de\/index.php?rest_route=\/wp\/v2\/pages\/101\/revisions\/433"}],"wp:attachment":[{"href":"https:\/\/nassauer-kanu-club.de\/index.php?rest_route=%2Fwp%2Fv2%2Fmedia&parent=101"}],"curies":[{"name":"wp","href":"https:\/\/api.w.org\/{rel}","templated":true}]}}