{"id":21,"date":"2018-05-21T17:06:55","date_gmt":"2018-05-21T17:06:55","guid":{"rendered":"http:\/\/nassauer-kanu-club.de\/?page_id=21"},"modified":"2026-03-28T12:49:14","modified_gmt":"2026-03-28T12:49:14","slug":"kanuwandern","status":"publish","type":"page","link":"https:\/\/nassauer-kanu-club.de\/?page_id=21","title":{"rendered":"Kanuwandern"},"content":{"rendered":"<h1 style=\"text-align: center;\">Kanuwandern<\/h1>\n<p><span style=\"color: #000000;\">Nicht sportliche H\u00f6chstleistungen, sondern das Naturerlebnis auf unseren Fl\u00fcssen steht im Vordergrund der Sparte Kanu-Wandern des NASSAUER KANU-CLUBs. Ganzj\u00e4hrig unternimmt der NKC Tages- und Halbtages-Touren, vor allem auf dem &#8222;Hausfluss&#8220;, der Lahn, aber auch auf dem Rhein. Ein Angebot, bei dem nicht nur Mitglieder, sondern auch G\u00e4ste gerne willkommen sind.<\/span><\/p>\n<h2>Kanu-Wandersport<\/h2>\n<p><span style=\"color: #000000;\">Sportliches Kanuwandern verbindet das Erlebnis von Natur mit Breitensport. Im Umkreis von einer Autostunde um Nassau herum fahren wir auf landschaftlich reizvollen Fl\u00fcssen Strecken zwischen 20 und 40 Kilometern.<\/span><\/p>\n<p><span style=\"color: #000000;\">Wir freuen uns auf Mitfahrer, ob als Mitglieder im NASSAUER KANU-CLUB oder als G\u00e4ste.<\/span><\/p>\n<h2 style=\"text-align: center;\"><strong><span style=\"color: #800000;\">Fahrtenprogramm 2026 des NASSAUER KANU-CLUBs 1950 e.V.<\/span><\/strong><\/h2>\n<ul>\n<li><span style=\"color: #000000;\">Das allj\u00e4hrliche <span style=\"color: #0000ff;\">Anpaddeln<\/span> des NKC findet am <span style=\"color: #ff0000;\">26.April 2026<\/span>\u00a0 von Laurenburg nach Nassau statt. <span style=\"color: #ff0000;\">Treffpunkt<\/span> am Bootshaus des NKC um <span style=\"color: #ff0000;\">9:45 Uhr<\/span>.<\/span><\/li>\n<li><span style=\"color: #000000;\">Das Ende der Paddelsaison 2026 der Wanderfahrer ist terminlich noch nicht festgelegt.<\/span><\/li>\n<\/ul>\n<p><span style=\"color: #000000;\">Kontakt:<\/span><br \/><span style=\"color: #000000;\">Wanderwart Rolf Goeckel<\/span><br \/><span style=\"color: #000000;\">Tel. 02604\/942136<\/span><br \/><span style=\"color: #000000;\">mobil 0160 976 274 95,<\/span><\/p>\n<p><span style=\"color: #000000;\">E-Mail<\/span> <a href=\"mailto:r.goeckel@nassauer-kanu-club.de\" data-fcksavedurl=\"mailto:r.goeckel@nassauer-kanu-club.de\"><span style=\"color: #00ffff;\">r.goeckel@nassauer-kanu-club.de<\/span><\/a><\/p>\n\n\n<p><\/p>\n","protected":false},"excerpt":{"rendered":"<p>Kanuwandern Nicht sportliche H\u00f6chstleistungen, sondern das Naturerlebnis auf unseren Fl\u00fcssen steht im Vordergrund der Sparte Kanu-Wandern des NASSAUER KANU-CLUBs. Ganzj\u00e4hrig unternimmt der NKC Tages- und Halbtages-Touren, vor allem auf dem &#8222;Hausfluss&#8220;, der Lahn, aber auch auf dem Rhein. Ein Angebot, bei dem nicht nur Mitglieder, sondern auch G\u00e4ste gerne willkommen sind. Kanu-Wandersport Sportliches Kanuwandern verbindet [&hellip;]<\/p>\n","protected":false},"author":1,"featured_media":0,"parent":0,"menu_order":0,"comment_status":"closed","ping_status":"closed","template":"","meta":{"footnotes":""},"class_list":["post-21","page","type-page","status-publish","hentry"],"_links":{"self":[{"href":"https:\/\/nassauer-kanu-club.de\/index.php?rest_route=\/wp\/v2\/pages\/21","targetHints":{"allow":["GET"]}}],"collection":[{"href":"https:\/\/nassauer-kanu-club.de\/index.php?rest_route=\/wp\/v2\/pages"}],"about":[{"href":"https:\/\/nassauer-kanu-club.de\/index.php?rest_route=\/wp\/v2\/types\/page"}],"author":[{"embeddable":true,"href":"https:\/\/nassauer-kanu-club.de\/index.php?rest_route=\/wp\/v2\/users\/1"}],"replies":[{"embeddable":true,"href":"https:\/\/nassauer-kanu-club.de\/index.php?rest_route=%2Fwp%2Fv2%2Fcomments&post=21"}],"version-history":[{"count":22,"href":"https:\/\/nassauer-kanu-club.de\/index.php?rest_route=\/wp\/v2\/pages\/21\/revisions"}],"predecessor-version":[{"id":607,"href":"https:\/\/nassauer-kanu-club.de\/index.php?rest_route=\/wp\/v2\/pages\/21\/revisions\/607"}],"wp:attachment":[{"href":"https:\/\/nassauer-kanu-club.de\/index.php?rest_route=%2Fwp%2Fv2%2Fmedia&parent=21"}],"curies":[{"name":"wp","href":"https:\/\/api.w.org\/{rel}","templated":true}]}}